
What is the highest common factor of 428 and 1356?
4
What is the highest common divisor of 217159 and 397?
397
What is the highest common factor of 328 and 14596?
164
What is the highest common divisor of 124 and 833962?
62
Calculate the greatest common factor of 568361 and 1497.
499
Calculate the greatest common factor of 3256 and 88911.
37
Calculate the highest common divisor of 25338 and 205.
41
What is the greatest common factor of 1734 and 12?
6
What is the greatest common factor of 32 and 7572?
4
What is the highest common divisor of 18 and 6063498?
18
Calculate the highest common factor of 9947 and 1271795.
1421
What is the greatest common divisor of 10397 and 4736?
37
What is the highest common divisor of 2394 and 10811?
19
Calculate the highest common divisor of 34 and 6654769.
17
Calculate the greatest common divisor of 1179332 and 294.
98
What is the greatest common divisor of 396882 and 1071?
153
What is the highest common factor of 286 and 546897?
13
What is the highest common factor of 2 and 11207?
1
Calculate the highest common factor of 74948 and 492.
164
What is the greatest common factor of 99 and 649?
11
What is the greatest common factor of 86 and 4558?
86
What is the highest common factor of 744 and 200?
8
Calculate the greatest common divisor of 32300 and 4275.
475
Calculate the greatest common divisor of 76 and 5268.
4
What is the highest common divisor of 1903768 and 8?
8
Calculate the highest common divisor of 1880 and 38960.
40
Calculate the greatest common divisor of 69967 and 2146.
37
Calculate the highest common factor of 722 and 699162.
38
Calculate the highest common divisor of 854050 and 8075.
475
What is the highest common divisor of 4747 and 31396?
47
Calculate the greatest common factor of 153740 and 1180.
20
What is the greatest common divisor of 110 and 177595?
55
Calculate the highest common factor of 23241 and 549.
183
Calculate the highest common factor of 76 and 164502.
38
Calculate the greatest common factor of 1403280 and 720.
720
Calculate the greatest common divisor of 19375 and 155.
155
What is the highest common factor of 40 and 1538360?
40
Calculate the highest common divisor of 24 and 135.
3
Calculate the greatest common divisor of 104 and 512.
8
What is the greatest common factor of 16343 and 1108?
277
What is the highest common divisor of 1181450 and 50?
50
What is the highest common factor of 27900 and 1310?
10
Calculate the greatest common factor of 1080 and 81240.
120
What is the greatest common factor of 1565 and 2109307?
313
Calculate the greatest common divisor of 6 and 174502.
2
Calculate the greatest common factor of 801 and 39069.
9
Calculate the highest common factor of 89278 and 4116.
98
Calculate the greatest common factor of 2223 and 43056.
117
Calculate the highest common divisor of 19818 and 306.
18
Calculate the highest common factor of 202 and 735583.
101
Calculate the greatest common factor of 1820 and 78325.
65
Calculate the highest common divisor of 98 and 110642.
98
Calculate the highest common factor of 76110 and 42.
6
What is the highest common divisor of 636842 and 57?
19
What is the highest common divisor of 74036 and 6308?
332
What is the highest common factor of 6903 and 18?
9
What is the highest common factor of 18 and 165024?
18
What is the greatest common divisor of 309825 and 1125?
225
Calculate the greatest common factor of 137903 and 12906.
239
Calculate the greatest common divisor of 1068 and 171058.
178
What is the greatest common divisor of 1215760 and 2912?
1456
Calculate the highest common factor of 2765 and 28835.
395
What is the greatest common divisor of 50407 and 57?
19
What is the highest common divisor of 61347 and 78?
39
Calculate the greatest common factor of 2288 and 129896.
104
What is the highest common factor of 10688 and 40?
8
Calculate the greatest common divisor of 72020 and 3900.
260
Calculate the greatest common divisor of 262256 and 2368.
592
What is the greatest common divisor of 5 and 357320?
5
Calculate the greatest common divisor of 5053 and 4.
1
Calculate the greatest common factor of 319382 and 84.
14
What is the highest common divisor of 130161 and 1935?
129
Calculate the greatest common factor of 4284 and 728586.
306
Calculate the highest common divisor of 31025 and 544.
17
What is the greatest common divisor of 1185 and 4125?
15
Calculate the highest common divisor of 394 and 4973068.
394
What is the highest common factor of 17130 and 60?
30
What is the greatest common factor of 9262 and 122?
2
Calculate the greatest common divisor of 37477 and 1166.
11
What is the highest common factor of 112 and 35248?
16
What is the highest common divisor of 1396614 and 969?
57
What is the highest common factor of 27467 and 1816?
227
Calculate the greatest common factor of 115428 and 108.
12
Calculate the highest common divisor of 12084 and 372.
12
What is the highest common factor of 20 and 56590?
10
Calculate the highest common factor of 504 and 8631.
63
What is the greatest common divisor of 678 and 2107902?
678
Calculate the greatest common factor of 1841 and 3766.
7
What is the highest common factor of 189 and 11882241?
189
What is the highest common divisor of 272311 and 897?
13
What is the greatest common factor of 286 and 9008714?
286
Calculate the greatest common divisor of 71962 and 88.
22
Calculate the highest common divisor of 130988 and 572.
572
What is the greatest common divisor of 35260 and 660?
20
Calculate the highest common factor of 16771 and 9197.
541
Calculate the greatest common factor of 504 and 260952.
24
Calculate the greatest common factor of 12 and 30601200.
12
What is the greatest common divisor of 16 and 259912?
8
What is the highest common divisor of 1135048 and 8?
8
Calculate the highest common divisor of 81 and 213669.
9
What is the greatest common divisor of 104 and 15574?
26
What is the highest common factor of 14300 and 23660?
260
Calculate the highest common divisor of 239564 and 637.
13
Calculate the highest common divisor of 616 and 84007.
77
What is the greatest common divisor of 784 and 78176?
112
What is the greatest common factor of 325399 and 139?
139
Calculate the greatest common divisor of 175 and 16525.
25
What is the highest common divisor of 498794 and 2?
2
Calculate the greatest common factor of 9 and 105885.
9
What is the greatest common divisor of 288 and 4527360?
288
What is the highest common divisor of 15710 and 1890?
10
Calculate the highest common factor of 87 and 9501.
3
Calculate the highest common divisor of 37810 and 456.
38
Calculate the greatest common factor of 2704 and 1201252.
676
What is the greatest common factor of 19394 and 10?
2
What is the highest common divisor of 3060340 and 680?
340
What is the greatest common divisor of 5 and 256093?
1
What is the highest common divisor of 320721 and 18?
3
What is the highest common divisor of 172601 and 11?
11
Calculate the greatest common factor of 342 and 28272.
114
What is the highest common divisor of 81 and 1781784?
27
What is the highest common divisor of 744 and 30984?
24
What is the highest common factor of 255 and 777869?
17
What is the greatest common divisor of 13824 and 681696?
864
Calculate the highest common factor of 3054058 and 1302.
434
Calculate the greatest common factor of 21552 and 552.
24
Calculate the greatest common factor of 1410 and 1701165.
705
Calculate the highest common divisor of 200 and 86600.
200
Calculate the highest common factor of 698126 and 154.
22
What is the greatest common factor of 2204 and 3298837?
551
Calculate the greatest common factor of 150 and 75975.
75
Calculate the highest common factor of 1496 and 51.
17
Calculate the highest common factor of 30 and 402630.
30
What is the highest common factor of 524 and 573256?
524
What is the highest common factor of 686285 and 290?
145
Calculate the greatest common factor of 6 and 7935.
3
Calculate the highest common factor of 1853691 and 21.
21
Calculate the highest common factor of 28438 and 3658.
118
Calculate the greatest common divisor of 474835 and 25.
5
What is the highest common divisor of 132 and 38676?
132
Calculate the greatest common divisor of 11229 and 1278.
3
What is the greatest common factor of 11765 and 585?
65
Calculate th